{"version":"1.0","provider_name":"Sibelius Singing Competition","provider_url":"https:\/\/sibeliussinging.fi\/en\/","author_name":"TerhiL","author_url":"https:\/\/sibeliussinging.fi\/en\/author\/terhil\/","title":"Sibelius Singing 2020 Competition is cancelled - Sibelius Singing Competition","type":"rich","width":600,"height":338,"html":"<blockquote class=\"wp-embedded-content\" data-secret=\"rxCOM6MCu9\"><a href=\"https:\/\/sibeliussinging.fi\/en\/sibelius-singing-2020-competition-is-cancelled\/\">Sibelius Singing 2020 Competition is cancelled<\/a><\/blockquote><iframe sandbox=\"allow-scripts\" security=\"restricted\" src=\"https:\/\/sibeliussinging.fi\/en\/sibelius-singing-2020-competition-is-cancelled\/embed\/#?secret=rxCOM6MCu9\" width=\"600\" height=\"338\" title=\"&#8220;Sibelius Singing 2020 Competition is cancelled&#8221; &#8212; Sibelius Singing Competition\" data-secret=\"rxCOM6MCu9\" frameborder=\"0\" marginwidth=\"0\" marginheight=\"0\" scrolling=\"no\" class=\"wp-embedded-content\"><\/iframe><script>\n\/*! This file is auto-generated *\/\n!function(d,l){\"use strict\";l.querySelector&&d.addEventListener&&\"undefined\"!=typeof URL&&(d.wp=d.wp||{},d.wp.receiveEmbedMessage||(d.wp.receiveEmbedMessage=function(e){var t=e.data;if((t||t.secret||t.message||t.value)&&!\/[^a-zA-Z0-9]\/.test(t.secret)){for(var s,r,n,a=l.querySelectorAll('iframe[data-secret=\"'+t.secret+'\"]'),o=l.querySelectorAll('blockquote[data-secret=\"'+t.secret+'\"]'),c=new RegExp(\"^https?:$\",\"i\"),i=0;i<o.length;i++)o[i].style.display=\"none\";for(i=0;i<a.length;i++)s=a[i],e.source===s.contentWindow&&(s.removeAttribute(\"style\"),\"height\"===t.message?(1e3<(r=parseInt(t.value,10))?r=1e3:~~r<200&&(r=200),s.height=r):\"link\"===t.message&&(r=new URL(s.getAttribute(\"src\")),n=new URL(t.value),c.test(n.protocol))&&n.host===r.host&&l.activeElement===s&&(d.top.location.href=t.value))}},d.addEventListener(\"message\",d.wp.receiveEmbedMessage,!1),l.addEventListener(\"DOMContentLoaded\",function(){for(var e,t,s=l.querySelectorAll(\"iframe.wp-embedded-content\"),r=0;r<s.length;r++)(t=(e=s[r]).getAttribute(\"data-secret\"))||(t=Math.random().toString(36).substring(2,12),e.src+=\"#?secret=\"+t,e.setAttribute(\"data-secret\",t)),e.contentWindow.postMessage({message:\"ready\",secret:t},\"*\")},!1)))}(window,document);\n\/\/# sourceURL=https:\/\/sibeliussinging.fi\/wp-includes\/js\/wp-embed.min.js\n<\/script>\n","description":"Due to the COVID-19 situation (force majeure), the competition organisation has decided to cancel Sibelius Singing 2020 Competition. \u00a0 On Thursday March 12th the Finnish government stated that events with more than 500 attendants should be canceled. J\u00e4rvenp\u00e4\u00e4 Sibelius Sibelius Weeks follows the instructions given by the government and other authorities.\u00a0The competition organisation will look [&hellip;]","thumbnail_url":"https:\/\/sibeliussinging.fi\/wp-content\/uploads\/2019\/03\/Sibelius-singing-banneri.jpg","thumbnail_width":2000,"thumbnail_height":1600}

Due to the COVID-19 situation (force majeure), the competition organisation has decided to cancel Sibelius Singing 2020 Competition.   On Thursday March 12th the Finnish government stated that events with more than 500 attendants should be canceled. Järvenpää Sibelius Sibelius Weeks follows the instructions given by the government and other authorities. The competition organisation will look [&hellip;]
